*3 - 221*z**2 + 507*z - 15038. Give y(219).
73
Let h(j) = j**3 + 23*j**2 - 124*j + 16. Give h(5).
96
Let p(t) = -2*t**2 - 112*t - 147. Calculate p(-54).
69
Let w(d) = 5656*d + 113133. Calculate w(-20).
13
Let d(v) = -v**2 + 339*v - 1675. Calculate d(5).
-5
Let l(u) = -3371*u + 128080. Give l(38).
-18
Let c(r) = -3*r**2 + 18*r - 42. Calculate c(3).
-15
Let q(x) = -3*x**3 + 24*x**2 - 3*x + 7. What is q(3)?
133
Let a(g) = -g**2 + 25*g + 969. Give a(-21).
3
Let m(r) = 64*r + 902. Give m(-14).
6
Let i(d) = d**3 + 13*d**2 - 25*d - 74. Calculate i(-16).
-442
Let t(z) = -7524*z + 173043. Calculate t(23).
-9
Let b(r) = r**3 - 6*r**2 - 380*r - 134. Give b(-16).
314
Let g(v) = -2*v**3 - 14*v**2 + 59*v + 397. Calculate g(-7).
-16
Let t(k) = -3*k**2 - 10*k - 29. Give t(-5).
-54
Let d(g) = -230*g + 28971. What is d(126)?
-9
Let y(g) = g**3 - 6*g**2 + 16*g - 115. Determine y(5).
-60
Let m(d) = 9*d - 16. Give m(6).
38
Let x(c) = 253*c - 246. What is x(1)?
7
Let s(o) = -o**2 + 29*o - 121. Calculate s(21).
47
Let b(f) = 5*f**2 - 20*f - 70. Determine b(-5).
155
Let x(a) = 297*a + 23460. Give x(-79).
-3
Let u(q) = q**3 + 7*q**2 - 6*q - 15. Give u(-8).
-31
Let o(q) = 180*q - 1705. Calculate o(9).
-85
Let h(y) = -958*y + 7725. Determine h(8).
61
Let v(o) = 4*o**2 + 68*o - 12. What is v(-17)?
-12
Let y(f) = f**2 - 42*f - 1010. Calculate y(-17).
-7
Let c(l) = -53*l - 101. Calculate c(-7).
270
Let r(p) = 3*p**2 + 390*p + 375. Determine r(-129).
-12
Let m(g) = -7*g - 378. Determine m(-52).
-14
Let v(r) = -2*r**2 + 627*r - 8652. Determine v(299).
19
Let v(h) = 913*h - 1087. Calculate v(1).
-174
Let l(x) = -1141*x - 1102. Give l(-1).
39
Let r(a) = -5*a - 142. What is r(-12)?
-82
Let m(g) = 2*g**3 - 327*g**2 - 151*g - 2132. Calculate m(164).
0
Let t(f) = f**3 + 14*f**2 - 96*f - 719. Calculate t(-5).
-14
Let d(y) = -40*y + 746. Give d(28).
-374
Let q(w) = 2*w**3 + 13*w**2 - 23*w + 14. Give q(-8).
6
Let k(f) = f**3 - 41*f**2 - 442*f + 8. Calculate k(-9).
-64
Let b(m) = 100*m + 8716. Calculate b(-88).
-84
Let f(i) = 3*i**2 - 70*i - 66. Determine f(22).
-154
Let r(b) = b**3 + 4*b**2 - 103*b - 10. Determine r(8).
-66
Let v(q) = 48*q - 1352. Give v(26).
-104
Let d(h) = 4*h**2 - 55*h + 412. What is d(11)?
291
Let l(z) = z**2 + 27*z - 1003. Give l(21).
5
Let a(m) = -m**3 + 98*m**2 + 3*m - 264. What is a(98)?
30
Let c(i) = -1013*i + 1022. Determine c(1).
9
Let b(f) = -1170*f**2 - f - 25. Determine b(0).
-25
Let i(r) = 44*r + 957. Calculate i(-22).
-11
Let q(d) = -d**3 - 22*d**2 + 51*d + 45. What is q(-24)?
-27
Let p(g) = -30*g + 121. What is p(2)?
61
Let s(y) = 3*y**3 + 7*y**2 + y + 3. What is s(-4)?
-81
Let b(y) = 2*y**3 - 15*y**2 - 31*y - 24. What is b(-4)?
-268
Let t(c) = -8880*c + 71044. Give t(8).
4
Let i(l) = -l**3 + 30*l**2 - 85*l - 1017. Calculate i(25).
-17
Let p(o) = -4*o**2 - 60*o - 7. Determine p(-15).
-7
Let f(k) = -4*k**2 + 39*k + 67. Calculate f(11).
12
Let j(m) = 20*m**2 + 1150*m - 591. What is j(-58)?
-11
Let u(w) = -w**2 - 48*w + 1646. Give u(23).
13
Let c(d) = 28*d**3 - d**2 + 3. What is c(-1)?
-26
Let c(h) = h**2 - 22960*h - 160765. Give c(-7).
4
Let i(m) = 34*m + 326. Give i(-5).
156
Let y(j) = 181*j - 2252. Give y(15).
463
Let h(k) = -88*k + 1311. Calculate h(15).
-9
Let q(o) = -2*o**2 + 25*o + 111. Calculate q(0).
111
Let d(s) = s**3 - 30*s**2 + 30*s - 22. Calculate d(29).
7
Let u(f) = f**2 + 168*f + 6424. Calculate u(-109).
-7
Let d(s) = s**3 - 36*s**2 - 168*s + 321. Calculate d(40).
1
Let f(c) = -249*c + 11503. Give f(46).
49
Let c(h) = -24*h - 220. Give c(0).
-220
Let l(a) = 375*a + 2041. Determine l(-7).
-584
Let a(d) = -2*d**2 + 6*d + 113. Give a(-9).
-103
Let o(u) = -u**2 - 87*u - 1586. Calculate o(-26).
0
Let b(o) = 55*o - 3074. Determine b(56).
6
Let q(f) = f**2 + 96*f - 223. Calculate q(-98).
-27
Let m(s) = 2*s**2 - 42*s + 159. Calculate m(14).
-37
Let v(b) = 25*b. Determine v(6).
150
Let r(u) = u + 71. What is r(-40)?
31
Let a(n) = -24*n - 4. What is a(-1)?
20
Let q(f) = -113*f + 710. Give q(10).
-420
Let o(u) = 7*u**3 - 13*u**2 - 24*u + 6. What is o(3)?
6
Let a(b) = -b**2 + 199*b - 2382. Calculate a(13).
36
Let m(j) = -j**2 + 62*j - 742. What is m(22)?
138
Let c(y) = 18*y**3 + 287*y**2 - 16*y + 9. What is c(-16)?
9
Let a(l) = -4*l**2 + 39*l - 5. Give a(12).
-113
Let x(c) = c**2 + 49*c - 463. What is x(8)?
-7
Let v(o) = 73*o - 3887. What is v(54)?
55
Let c(z) = -z**3 - 3*z**2 + 134*z - 41. Calculate c(10).
-1
Let g(b) = 78*b**2 - 15*b - 1. Calculate g(1).
62
Let c(z) = -82*z + 600. Determine c(16).
-712
Let d(m) = -24*m - 520. What is d(-24)?
56
Let b(z) = z**3 + 16*z**2 + 75*z - 8. What is b(-4)?
-116
Let u(f) = 12*f - 76. Calculate u(-1).
-88
Let a(t) = -t**3 + 102*t**2 - 197*t - 451. What is a(100)?
-151
Let o(t) = 6*t - 746. Calculate o(41).
-500
Let g(y) = y**2 + 22*y + 109. What is g(-11)?
-12
Let b(x) = 21*x + 196. Determine b(-8).
28
Let j(u) = 52*u - 323. Calculate j(14).
405
Let r(t) = 1122*t - 56108. Calculate r(50).
-8
Let c(l) = -99*l**3 + 3*l**2 + 15*l + 28. What is c(-2)?
802
Let j(g) = 38*g**3 + g**2 + 2*g + 2. Give j(-1).
-37
Let r(s) = -18*s**2 - 8*s - 17. Determine r(-4).
-273
Let x(a) = -251*a + 755. What is x(5)?
-500
Let w(g) = g**2 - 119*g - 84. Determine w(0).
-84
Let t(s) = -s**3 + 10*s**2 + 10*s - 181. Calculate t(9).
-10
Let c(u) = -u**2 - 242*u - 2973. What is c(-229)?
4
Let r(i) = 9546*i + 9552. What is r(-1)?
6
Let p(d) = 11*d**2 - 27*d - 166. Give p(-6).
392
Let h(u) = -u**2 + 42*u + 5. Calculate h(41).
46
Let u(o) = 2*o**2 - 71*o + 98. Determine u(32).
-126
Let g(b) = -b**3 - 32*b**2 + 39*b + 163. Give g(-33).
-35
Let j(r) = -r**3 - 52*r**2 + 52*r + 87. What is j(-53)?
140
Let b(s) = 3*s**3 + 94*s**2 - 276*s - 124. Determine b(-34).
12
Let y(x) = x**3 + 22*x**2 - 173*x + 19. Determine y(-28).
159
Let i(p) = 5*p**2 + 2*p - 3. Determine i(2).
21
Let a(h) = h**3 + 41*h**2 + 392*h + 59. Determine a(-26).
7
Let q(k) = -21*k - 1067. Give q(-51).
4
Let k(b) = 1111*b - 4444. Determine k(4).
0
Let m(v) = 3*v**3 + 2*v**2 - 17*v - 10. What is m(0)?
-10
Let t(g) = 3654*g - 21929. Determine t(6).
-5
Let p(d) = 47*d + 619. Calculate p(-13).
8
Let r(b) = 2*b**3 - 35*b**2 + 154*b - 145. Give r(5).
0
Let d(g) = -2*g**3 + 16*g + 42. Determine d(-3).
48
Let g(r) = r**3 + 13*r**2 - 30*r - 59. Determine g(-15).
-59
Let b(k) = k**3 + 19*k**2 + 18*k - 7. Give b(-18).
-7
Let q(j) = -j**2 + 53*j + 4414. Calculate q(98).
4
Let q(w) = -383*w + 1133. Determine q(3).
-16
Let c(a) = -3769*a - 7583. Determine c(-2).
-45
Let v(g) = 4*g**3 + 49*g**2 + 9*g - 3. Give v(-12).
33
Let m(f) = -128*f + 394. Determine m(3).
10
Let u(t) = -t**3 + 3*t**2 + 6*t + 53. What is u(6)?
-19
Let j(r) = 2*r**3 + 93*r**2 + 145*r + 460. Give j(-45).
10
Let y(w) = w**3 - 11*w**2 + 72*w - 353. Give y(8).
31
Let d(j) = j**3 - 16*j**2 - 22*j + 9. Determine d(17).
-76
Let c(v) = v**3 + 30*v**2 + 86*v + 1736. Determine c(-29).
83
Let u(s) = -2*s**2 - 38*s + 192. Determine u(-23).
8
Let i(m) = -4*m**2 - 126*m - 479. Calculate i(-27).
7
Let w(z) = -24*z**2 - 2*z + 12. Give w(-5).
-578
Let y(m) = -2*m**3 - 20*m**2 - 56*m - 563. Give y(-10).
-3
Let c(b) = b**2 - 3539*b + 45844. Calculate c(13).
6
Let g(y) = 8*y**2 - 24*y - 34. Determine g(4).
-2
Let a(l) = 7*l**2 + 6*l + 22. Give a(-4).
110
Let b(p) = p**2 + 233*p - 7307. Give b(-261).
1
Let u(b) = -b**3 - 19*b**2 - 30*b - 79. Determine u(-18).
137
Let v(b) = 3*b**2 - 47*b - 32. Calculate v(19).
158
Let u(z) = -67*z**2 + 3081*z + 29. What is u(46)?
-17
Let z(d) = 39*d + 868. Calculate z(-21).
49
Let z(y) = -2*y**3 + 4*y**2 - 4*y + 2. Determine z(2).
-6
Let f(q) = q**2 - 22*q - 30. Determine f(17).
-115
Let y(m) = -2*m**2 - 88*m + 108. What is y(-39)?
498
Let n(z) = z**3 + 5*z + 14. Give n(-3).
-28
Let g(t) = t**3 - 152*t**2 + 3276*t - 5. Determine g(126).
-5
Let f(r) = 2193*r - 26284. Calculate f(12).
32
Let n(m) = m**3 + 7*m**2 - 9*m + 9. What is n(-8)?
17
Let m(p) = -6*p**3 + 41*p**2 - 13*p + 144. Give m(7).
4
Let r(u) = u**2 + 165*u - 1698. What is r(-175)?
52
Let u(i) = 6*i**2 - 14*i - 24. Determine u(-2).
28
Let r(u) = 6*u**2 + 458*u + 1379. What is r(-3)?
59
Let y(i) = -25*i - 1613. Determine y(-65).
12
Let p(a) = 205*a + 1219. Give p(-6).
-11
Let t(f) = -f**3 - 5*f**2 + 9*f + 101. Determine t(4).
-7
Let g(s) = -s**3 +